 - 20*q**2 + 90*q - 10. Calculate n(5).
65
Let s(d) = 5*d**2 - 113*d + 442. Calculate s(4).
70
Let c(z) = 100*z**2 - 7*z - 13. Give c(-2).
401
Let c(i) = 12*i**3 + 528*i**2 - 4*i - 153. What is c(-44)?
23
Let l(m) = -26*m**3 - 3*m**2 + 2*m + 6. Give l(2).
-210
Let m(h) = -260*h + 1305. What is m(5)?
5
Let w(h) = 4*h**2 - 80*h + 578. Give w(10).
178
Let y(i) = -3*i**2 - 66*i - 124. Give y(-20).
-4
Let q(i) = -3*i**2 - 230*i - 883. Give q(-4).
-11
Let t(x) = x**3 + 11*x**2 - 77*x + 77. What is t(4)?
9
Let h(j) = -j**3 - 17*j**2 - 88*j - 265. Determine h(-11).
-23
Let r(n) = n**3 + 2*n**2 + 22*n - 60. Determine r(4).
124
Let n(c) = -494*c**2 - 8*c - 10. Calculate n(-1).
-496
Let v(s) = -353*s - 282. Give v(-2).
424
Let b(h) = -5*h**3 - 2*h**2 + 21*h + 4. Calculate b(-5).
474
Let n(i) = 5*i**2 + 26*i - 1880. Give n(17).
7
Let v(c) = c**2 - 63*c + 326. What is v(6)?
-16
Let f(q) = 5*q**3 - 229*q**2 - 46*q + 18. What is f(46)?
18
Let o(l) = -l**3 - 14*l**2 + 21*l + 274. Determine o(-14).
-20
Let d(k) = -k**3 - 21*k**2 + 24*k + 63. Calculate d(-22).
19
Let u(r) = 372*r + 1838. Determine u(-5).
-22
Let a(v) = -2*v**2 - 6*v + 3. Calculate a(5).
-77
Let p(r) = 40*r**2 + 755*r + 603. Give p(-18).
-27
Let k(l) = -l**3 - 7*l**2 + 5172*l + 46381. What is k(-9)?
-5
Let v(n) = -1893*n - 98426. Give v(-52).
10
Let m(s) = -5*s**2 + 10*s - 26. Give m(8).
-266
Let p(g) = -34*g**2 - 9920*g + 2329. Give p(-292).
-7
Let x(w) = w**3 - 5*w**2 - 96*w + 24. Determine x(12).
-120
Let w(a) = 24*a - 470. What is w(0)?
-470
Let n(u) = -68*u + 2465. Give n(36).
17
Let w(s) = -334*s + 11002. Calculate w(33).
-20
Let j(c) = c**2 - 21*c - 255. What is j(27)?
-93
Let t(r) = 3*r**2 + 36*r - 136. Give t(-15).
-1
Let w(m) = 271*m - 10313. Determine w(38).
-15
Let m(w) = 15*w**2 - 908*w - 430. Give m(61).
-3
Let s(d) = -70*d - 4246. Determine s(-61).
24
Let c(w) = -2231*w - 17854. Determine c(-8).
-6
Let a(t) = 2*t**2 - 23*t - 59. Give a(14).
11
Let p(s) = 2*s**2 - 3*s + 7. Give p(1).
6
Let i(x) = -101*x**2 + 208*x - 9. Give i(2).
3
Let l(v) = v**3 + 13*v**2 - 8*v + 31. Determine l(-8).
415
Let f(h) = -h**2 - 66*h - 242. What is f(-4)?
6
Let k(l) = l**3 - 7*l**2 + 31*l - 40. What is k(9)?
401
Let v(l) = -9808*l - 29420. Calculate v(-3).
4
Let c(q) = 289*q + 7836. What is c(-27)?
33
Let i(t) = 16*t + 541. Give i(-41).
-115
Let q(x) = -x**3 - 9*x**2 + 6*x - 29. Determine q(-10).
11
Let r(t) = 6*t**2 - 18*t + 32. Determine r(4).
56
Let h(t) = -11*t**3 + 4*t**2 - 23*t - 17. Give h(0).
-17
Let i(p) = p**3 - 21*p**2 - 29*p + 160. Determine i(22).
6
Let u(m) = 895*m - 1005. Calculate u(1).
-110
Let d(f) = 1385*f - 2783. What is d(2)?
-13
Let f(l) = 5044*l - 85746. Calculate f(17).
2
Let s(n) = -433*n + 2143. Determine s(5).
-22
Let c(y) = 32*y - 35. What is c(0)?
-35
Let q(l) = l**2 - 25*l - 50. What is q(25)?
-50
Let q(o) = -279*o - 278. Calculate q(-1).
1
Let i(v) = -9*v**3 + v**2 - 3*v + 1. Give i(1).
-10
Let i(a) = -a**3 + 25*a**2 - 214*a + 47. Determine i(14).
-793
Let u(r) = -r**3 + 110*r**2 + 2*r - 154. Calculate u(110).
66
Let p(x) = 4213*x + 29492. Calculate p(-7).
1
Let u(a) = -2*a**3 - 18*a**2 - 4*a - 5. Calculate u(-8).
-101
Let p(i) = -389*i + 83651. Determine p(215).
16
Let h(u) = 4*u**2 + 29*u - 925. Calculate h(12).
-1
Let t(r) = -20*r + 102. Calculate t(4).
22
Let m(s) = s**3 + 16*s**2 + 37*s - 21. Calculate m(-13).
5
Let d(r) = -r**2 - 550*r - 9070. Give d(-17).
-9
Let l(n) = -n**2 - 17*n + 271. Calculate l(10).
1
Let u(h) = -61*h**2 + 27*h - 22. What is u(2)?
-212
Let n(y) = -y**3 + 5*y**2 - 10*y + 128. Determine n(7).
-40
Let v(d) = -2*d**3 + 78*d**2 + 4*d - 212. Give v(39).
-56
Let i(d) = -2*d**3 - 42*d**2 - 91*d - 13. Calculate i(-2).
17
Let t(w) = 2*w**2 - 526*w + 7443. Calculate t(248).
3
Let y(p) = p**3 + 11*p**2 + 9*p - 2. Determine y(-10).
8
Let m(d) = -3*d**3 - 17*d**2 - 13*d - 15. Calculate m(-5).
0
Let l(h) = -96*h + 17982. What is l(187)?
30
Let a(v) = 36*v**3 - 394*v**2 - 7*v + 1. What is a(11)?
166
Let v(x) = -2*x**2 - 87*x + 1634. Give v(-57).
95
Let f(v) = -v**3 - 42*v**2 - 116*v + 42. What is f(-39)?
3
Let z(o) = 287*o - 30716. What is z(107)?
-7
Let p(c) = -c**3 + 7*c**2 + 385*c - 3059. What is p(8)?
-43
Let d(b) = -b**3 + 16*b**2 + 8*b - 3. Give d(0).
-3
Let q(u) = -11*u**3 + 5*u**2 + 25*u + 36. Determine q(-2).
94
Let d(z) = -z**3 - 4*z**2 - 35*z - 259. Give d(-8).
277
Let c(k) = -2*k - 224. Determine c(9).
-242
Let w(v) = -36*v**3 + 9*v**2 - v. Calculate w(1).
-28
Let n(l) = l**2 + 10*l - 751. Calculate n(22).
-47
Let u(q) = -q**3 - 45*q**2 + 49*q + 83. Determine u(-46).
-55
Let n(v) = -16*v - 137. What is n(-9)?
7
Let n(q) = -128*q - 1956. Calculate n(-17).
220
Let s(u) = -u**3 - 14*u**2 + 78*u + 17. Calculate s(-18).
-91
Let r(j) = -9*j + 261. Determine r(27).
18
Let a(n) = n - 28. What is a(51)?
23
Let j(g) = 163*g + 674. What is j(-4)?
22
Let w(z) = -z**3 + 16*z**2 + 61*z - 296. Give w(3).
4
Let n(p) = -5*p**2 - 19*p + 54. Determine n(-11).
-342
Let z(h) = -h**3 - 27*h**2 + 97*h + 1131. Determine z(-29).
0
Let b(v) = -v**3 - 18*v**2 - 67*v - 581. Calculate b(-16).
-21
Let f(n) = n**2 - 217*n - 432. Give f(-2).
6
Let w(q) = 51*q - 645. Determine w(9).
-186
Let m(x) = x**2 - 162*x - 3251. Give m(-18).
-11
Let s(t) = t**2 + 14*t - 109. Calculate s(-21).
38
Let h(q) = -q**2 - 5240*q - 20958. What is h(-4)?
-14
Let h(w) = -7*w - 100. Give h(0).
-100
Let l(g) = g**3 - 4*g**2 - 10*g - 8. Give l(7).
69
Let w(p) = -3*p + 67. Calculate w(25).
-8
Let l(r) = -r**3 - 359*r**2 - 264*r + 33665. What is l(-358)?
13
Let o(g) = 28*g**3 + 4*g**2 - 8*g - 12. What is o(-3)?
-708
Let w(p) = 113*p + 617. What is w(-12)?
-739
Let a(w) = -w**3 - 107*w**2 + 105*w - 324. What is a(-108)?
0
Let h(b) = -65*b + 246. Determine h(2).
116
Let r(k) = -4*k**2 - 10*k + 20. What is r(2)?
-16
Let i(u) = -1923*u - 17294. Give i(-9).
13
Let p(l) = 4*l**3 + 14*l**2 + 44*l + 3. Determine p(-3).
-111
Let u(v) = v**2 - 25*v - 98. Determine u(28).
-14
Let q(v) = -37*v**3 + 15*v**2 + 14*v - 2. Give q(-1).
36
Let i(q) = q**3 - 143*q**2 - 2*q + 298. Determine i(143).
12
Let d(w) = 3*w**3 - 12*w**2 - 8*w - 5. What is d(5)?
30
Let x(d) = -d**3 + 23*d**2 + 78*d + 24. Give x(26).
24
Let k(z) = 8*z**2 - 104*z + 4. Calculate k(0).
4
Let w(b) = b**2 + 11*b + 25. Give w(-2).
7
Let f(q) = 11*q**2 - 26*q + 150. Calculate f(6).
390
Let w(j) = -280*j - 11777. What is w(-42)?
-17
Let y(s) = -13*s**2 - 6*s + 2. Give y(0).
2
Let d(o) = o**2 + 1087*o + 16076. Give d(-15).
-4
Let b(u) = -20*u + 605. Give b(41).
-215
Let o(c) = -c**3 - 10*c**2 - 12*c - 15. Calculate o(-8).
-47
Let w(q) = -2*q**3 + 8*q**2 + 2*q - 32. Calculate w(2).
-12
Let g(v) = v - 72. What is g(6)?
-66
Let i(w) = -35*w + 272. Calculate i(5).
97
Let x(n) = -254*n + 1029. Calculate x(4).
13
Let z(j) = -32*j**2 + 4130*j - 251. What is z(129)?
7
Let d(u) = 6*u**2 - 24*u - 41. Calculate d(-2).
31
Let d(c) = -3*c**2 - 1111*c + 19353. Determine d(-387).
3
Let j(a) = 283*a - 3107. Determine j(11).
6
Let g(f) = 7*f + 125. Calculate g(-9).
62
Let j(c) = c**3 - 89*c**2 + 4*c - 322. Calculate j(89).
34
Let q(b) = 39*b + 893. What is q(-23)?
-4
Let j(b) = 53*b + 3921. Determine j(-72).
105
Let t(c) = 2*c**3 - 318*c**2 - 2*c + 335. What is t(159)?
17
Let s(m) = 6*m**2 - 145*m + 852. Determine s(10).
2
Let a(n) = n**3 - 203*n**2 - 293*n - 23988. What is a(205)?
-3
Let v(p) = -p**3 - 5*p**2 + 13*p - 1. What is v(2)?
-3
Let w(a) = 16981*a + 67926. Calculate w(-4).
2
Let r(f) = f**3 - 20*f**2 + 33*f - 13. Calculate r(18).
-67
Let i(v) = 7*v**2 + 392*v - 37. Give i(-56).
-37
Let c(h) = h**2 - 16*h + 40. What is c(19)?
97
Let n(r) = -125*r - 1874. Calculate n(-15).
1
Let i(f) = -5*f**2 - 25*f + 112. Give i(-15).
-638
Let i(y) = 45*y + 435. What is i(-19)?
-420
Let c(n) = 968*n + 909. What is c(-1)?
-59
Let x(k) = 774*k + 4650. Determine x(-6).
6
Let h(y) = -22*y - 129. Determine h(-9).
69
Let a(t) = t**3 - 12*t**2 + 5*t - 257. Calculate a(13).
-23
Let l(s) = -s - 24. Calculate l(-12).
-12
Let w(l) = 7*l**2 + 5*l - 135. What is w(-5)?
15
Let k(m) = 49*m + 392. Determine k(-6).
98
Let p(a) = -a**3 - 59*a**2 + 149*a + 1640. Determine p(-61).
-7
Let z(m) = -3358*m - 40302. Give z(-12).
-6
Let c(h) = 259*h + 7524. What is c(-29)?
13
Let w(o) = 3*o**2 + 54*o + 2